{"id":262,"date":"2024-06-02T15:13:25","date_gmt":"2024-06-02T15:13:25","guid":{"rendered":"https:\/\/repandcreate-mueller.ch\/wordpress\/?page_id=262"},"modified":"2024-07-03T21:02:04","modified_gmt":"2024-07-03T21:02:04","slug":"ueber-mich","status":"publish","type":"page","link":"https:\/\/repandcreate-mueller.ch\/?page_id=262","title":{"rendered":"\u00dcber mich"},"content":{"rendered":"\n<div class=\"wp-block-group alignwide is-vertical is-layout-flex wp-container-core-group-is-layout-fe9cc265 wp-block-group-is-layout-flex\">\n<pre class=\"wp-block-preformatted has-medium-font-size\" style=\"margin-top:0;margin-right:var(--wp--preset--spacing--30);margin-bottom:0;margin-left:var(--wp--preset--spacing--30);padding-top:var(--wp--preset--spacing--20);padding-right:var(--wp--preset--spacing--60);padding-bottom:var(--wp--preset--spacing--20);padding-left:var(--wp--preset--spacing--60)\">Geboren in Solothurn, im Jahr 1974. Schon immer interessiert an technischen Dingen. Zum Leid meiner Eltern habe ich schon fr\u00fch mit dem Werkzeug von meinem Papi hantiert und vor allem allerlei auseinandergenommen. Meist konnte ich es auch wieder zusammensetzen... und der Rest, das waren dann halt Learnings. Ebenfalls fr\u00fch habe ich mich f\u00fcr Modellflugzeuge interessiert. Kaum konnte ich einigermassen \"erkennbar\" zeichnen, war ein beliebtes Sujet: mich mit einer Fernbedienung und einem Modellflieger in der Luft, dazustellen. Das wurde ab dem 16.ten Lebensjahr dann mein Hobby, das mich noch heute begleitet. Das Sch\u00f6ne daran ist: Es deckt sehr vieles ab: Elektronik, Technik, Konstruktion, Handwerk usw. sind Skills, welche man mitbringen muss, wenn man sich dem Hobby ganzheitlich widmen will. Mit dem Alter musste ich auch lernen, damit umzugehen, nicht alles im letzten Detail verstehen zu m\u00fcssen, um zu einem Ziel zu kommen. Aber nach wie vor bin ich neugierig und interessiere mich f\u00fcr Technik. Ich verfolge auch nicht immer \"kulturelle\" Werte und bin schon oft als Querdenker bezeichnet worden. Zusammen mit meiner kleinen Werkstatt, meinem PC und dem 3D-Drucker erledige ich Auftragsarbeiten, wie auch f\u00fcr die Familie und Freunde Dinge, die das t\u00e4gliche Leben etwas erleichtern, oder vereinfachen. Mir ist auch wichtig, neue Herausforderungen zu haben. Das ist oftmals der Fall, wenn etwas kaputt geht: dann reizt es mich, das Teil zu verstehen und zu reparieren, wenn es noch einigermassen sinnvoll m\u00f6glich ist.<br>Beruflich habe ich eine Ausbildung als Elektromonteur EFZ gemacht und die Berufsmatura begleitet. Ein Studium an der Fachhochschule Oensingen als Informatikingenieur habe ich leider abgebrochen, da ich mich mehr f\u00fcr die Praxis als f\u00fcr die Theorie interessiert habe, welche bereits veraltet oder einem auch sp\u00e4ter \u00fcberhaupt nichts bringt. Ich konnte Dank Kollegen in der Informatik Fuss fassen und beweisen, was ich auch ohne Diplom kann und wurde schnell wertgesch\u00e4tzt und gef\u00f6rdert. Auch heute arbeite ich noch in der Informatik bei einer Bank, und bin dort Solution Teamleiter von 5 Delivery Teams. Entwickelt habe ich aber schon l\u00e4nger nicht mehr selbst, ausser in meinem Hobby mit Arduino, Raspberry PI etc.<\/pre>\n<\/div>\n","protected":false},"excerpt":{"rendered":"<p>Geboren in Solothurn, im Jahr 1974. Schon immer interessiert an technischen Dingen. Zum Leid meiner Eltern habe ich schon fr\u00fch mit dem Werkzeug von meinem Papi hantiert und vor allem allerlei auseinandergenommen. Meist konnte ich es auch wieder zusammensetzen&#8230; und der Rest, das waren dann halt Learnings. Ebenfalls fr\u00fch habe ich mich f\u00fcr Modellflugzeuge interessiert. [&hellip;]<\/p>\n","protected":false},"author":1,"featured_media":0,"parent":0,"menu_order":0,"comment_status":"closed","ping_status":"closed","template":"","meta":{"footnotes":""},"class_list":["post-262","page","type-page","status-publish","hentry"],"yoast_head":"<!-- This site is optimized with the Yoast SEO plugin v27.4 - https:\/\/yoast.com\/product\/yoast-seo-wordpress\/ -->\n<title>\u00dcber mich - Repair and Create<\/title>\n<meta name=\"robots\" content=\"index, follow, max-snippet:-1, max-image-preview:large, max-video-preview:-1\" \/>\n<link rel=\"canonical\" href=\"https:\/\/repandcreate-mueller.ch\/?page_id=262\" \/>\n<meta property=\"og:locale\" content=\"de_DE\" \/>\n<meta property=\"og:type\" content=\"article\" \/>\n<meta property=\"og:title\" content=\"\u00dcber mich - Repair and Create\" \/>\n<meta property=\"og:description\" content=\"Geboren in Solothurn, im Jahr 1974. Schon immer interessiert an technischen Dingen. Zum Leid meiner Eltern habe ich schon fr\u00fch mit dem Werkzeug von meinem Papi hantiert und vor allem allerlei auseinandergenommen. Meist konnte ich es auch wieder zusammensetzen... und der Rest, das waren dann halt Learnings. Ebenfalls fr\u00fch habe ich mich f\u00fcr Modellflugzeuge interessiert. [&hellip;]\" \/>\n<meta property=\"og:url\" content=\"https:\/\/repandcreate-mueller.ch\/?page_id=262\" \/>\n<meta property=\"og:site_name\" content=\"Repair and Create\" \/>\n<meta property=\"article:modified_time\" content=\"2024-07-03T21:02:04+00:00\" \/>\n<meta name=\"twitter:card\" content=\"summary_large_image\" \/>\n<script type=\"application\/ld+json\" class=\"yoast-schema-graph\">{\"@context\":\"https:\\\/\\\/schema.org\",\"@graph\":[{\"@type\":\"WebPage\",\"@id\":\"https:\\\/\\\/repandcreate-mueller.ch\\\/?page_id=262\",\"url\":\"https:\\\/\\\/repandcreate-mueller.ch\\\/?page_id=262\",\"name\":\"\u00dcber mich - Repair and Create\",\"isPartOf\":{\"@id\":\"https:\\\/\\\/repandcreate-mueller.ch\\\/#website\"},\"datePublished\":\"2024-06-02T15:13:25+00:00\",\"dateModified\":\"2024-07-03T21:02:04+00:00\",\"breadcrumb\":{\"@id\":\"https:\\\/\\\/repandcreate-mueller.ch\\\/?page_id=262#breadcrumb\"},\"inLanguage\":\"de\",\"potentialAction\":[{\"@type\":\"ReadAction\",\"target\":[\"https:\\\/\\\/repandcreate-mueller.ch\\\/?page_id=262\"]}]},{\"@type\":\"BreadcrumbList\",\"@id\":\"https:\\\/\\\/repandcreate-mueller.ch\\\/?page_id=262#breadcrumb\",\"itemListElement\":[{\"@type\":\"ListItem\",\"position\":1,\"name\":\"Startseite\",\"item\":\"https:\\\/\\\/repandcreate-mueller.ch\\\/\"},{\"@type\":\"ListItem\",\"position\":2,\"name\":\"\u00dcber mich\"}]},{\"@type\":\"WebSite\",\"@id\":\"https:\\\/\\\/repandcreate-mueller.ch\\\/#website\",\"url\":\"https:\\\/\\\/repandcreate-mueller.ch\\\/\",\"name\":\"Repair and Create\",\"description\":\"Reperaturen, CAD Design, IoT, 3d Druck\",\"publisher\":{\"@id\":\"https:\\\/\\\/repandcreate-mueller.ch\\\/#organization\"},\"potentialAction\":[{\"@type\":\"SearchAction\",\"target\":{\"@type\":\"EntryPoint\",\"urlTemplate\":\"https:\\\/\\\/repandcreate-mueller.ch\\\/?s={search_term_string}\"},\"query-input\":{\"@type\":\"PropertyValueSpecification\",\"valueRequired\":true,\"valueName\":\"search_term_string\"}}],\"inLanguage\":\"de\"},{\"@type\":\"Organization\",\"@id\":\"https:\\\/\\\/repandcreate-mueller.ch\\\/#organization\",\"name\":\"Repair and Create\",\"url\":\"https:\\\/\\\/repandcreate-mueller.ch\\\/\",\"logo\":{\"@type\":\"ImageObject\",\"inLanguage\":\"de\",\"@id\":\"https:\\\/\\\/repandcreate-mueller.ch\\\/#\\\/schema\\\/logo\\\/image\\\/\",\"url\":\"https:\\\/\\\/repandcreate-mueller.ch\\\/wp-content\\\/uploads\\\/2024\\\/06\\\/Logo_Bild6.png\",\"contentUrl\":\"https:\\\/\\\/repandcreate-mueller.ch\\\/wp-content\\\/uploads\\\/2024\\\/06\\\/Logo_Bild6.png\",\"width\":3840,\"height\":2160,\"caption\":\"Repair and Create\"},\"image\":{\"@id\":\"https:\\\/\\\/repandcreate-mueller.ch\\\/#\\\/schema\\\/logo\\\/image\\\/\"}}]}<\/script>\n<!-- \/ Yoast SEO plugin. -->","yoast_head_json":{"title":"\u00dcber mich - Repair and Create","robots":{"index":"index","follow":"follow","max-snippet":"max-snippet:-1","max-image-preview":"max-image-preview:large","max-video-preview":"max-video-preview:-1"},"canonical":"https:\/\/repandcreate-mueller.ch\/?page_id=262","og_locale":"de_DE","og_type":"article","og_title":"\u00dcber mich - Repair and Create","og_description":"Geboren in Solothurn, im Jahr 1974. Schon immer interessiert an technischen Dingen. Zum Leid meiner Eltern habe ich schon fr\u00fch mit dem Werkzeug von meinem Papi hantiert und vor allem allerlei auseinandergenommen. Meist konnte ich es auch wieder zusammensetzen... und der Rest, das waren dann halt Learnings. Ebenfalls fr\u00fch habe ich mich f\u00fcr Modellflugzeuge interessiert. [&hellip;]","og_url":"https:\/\/repandcreate-mueller.ch\/?page_id=262","og_site_name":"Repair and Create","article_modified_time":"2024-07-03T21:02:04+00:00","twitter_card":"summary_large_image","schema":{"@context":"https:\/\/schema.org","@graph":[{"@type":"WebPage","@id":"https:\/\/repandcreate-mueller.ch\/?page_id=262","url":"https:\/\/repandcreate-mueller.ch\/?page_id=262","name":"\u00dcber mich - Repair and Create","isPartOf":{"@id":"https:\/\/repandcreate-mueller.ch\/#website"},"datePublished":"2024-06-02T15:13:25+00:00","dateModified":"2024-07-03T21:02:04+00:00","breadcrumb":{"@id":"https:\/\/repandcreate-mueller.ch\/?page_id=262#breadcrumb"},"inLanguage":"de","potentialAction":[{"@type":"ReadAction","target":["https:\/\/repandcreate-mueller.ch\/?page_id=262"]}]},{"@type":"BreadcrumbList","@id":"https:\/\/repandcreate-mueller.ch\/?page_id=262#breadcrumb","itemListElement":[{"@type":"ListItem","position":1,"name":"Startseite","item":"https:\/\/repandcreate-mueller.ch\/"},{"@type":"ListItem","position":2,"name":"\u00dcber mich"}]},{"@type":"WebSite","@id":"https:\/\/repandcreate-mueller.ch\/#website","url":"https:\/\/repandcreate-mueller.ch\/","name":"Repair and Create","description":"Reperaturen, CAD Design, IoT, 3d Druck","publisher":{"@id":"https:\/\/repandcreate-mueller.ch\/#organization"},"potentialAction":[{"@type":"SearchAction","target":{"@type":"EntryPoint","urlTemplate":"https:\/\/repandcreate-mueller.ch\/?s={search_term_string}"},"query-input":{"@type":"PropertyValueSpecification","valueRequired":true,"valueName":"search_term_string"}}],"inLanguage":"de"},{"@type":"Organization","@id":"https:\/\/repandcreate-mueller.ch\/#organization","name":"Repair and Create","url":"https:\/\/repandcreate-mueller.ch\/","logo":{"@type":"ImageObject","inLanguage":"de","@id":"https:\/\/repandcreate-mueller.ch\/#\/schema\/logo\/image\/","url":"https:\/\/repandcreate-mueller.ch\/wp-content\/uploads\/2024\/06\/Logo_Bild6.png","contentUrl":"https:\/\/repandcreate-mueller.ch\/wp-content\/uploads\/2024\/06\/Logo_Bild6.png","width":3840,"height":2160,"caption":"Repair and Create"},"image":{"@id":"https:\/\/repandcreate-mueller.ch\/#\/schema\/logo\/image\/"}}]}},"jetpack_sharing_enabled":true,"_links":{"self":[{"href":"https:\/\/repandcreate-mueller.ch\/index.php?rest_route=\/wp\/v2\/pages\/262","targetHints":{"allow":["GET"]}}],"collection":[{"href":"https:\/\/repandcreate-mueller.ch\/index.php?rest_route=\/wp\/v2\/pages"}],"about":[{"href":"https:\/\/repandcreate-mueller.ch\/index.php?rest_route=\/wp\/v2\/types\/page"}],"author":[{"embeddable":true,"href":"https:\/\/repandcreate-mueller.ch\/index.php?rest_route=\/wp\/v2\/users\/1"}],"replies":[{"embeddable":true,"href":"https:\/\/repandcreate-mueller.ch\/index.php?rest_route=%2Fwp%2Fv2%2Fcomments&post=262"}],"version-history":[{"count":4,"href":"https:\/\/repandcreate-mueller.ch\/index.php?rest_route=\/wp\/v2\/pages\/262\/revisions"}],"predecessor-version":[{"id":363,"href":"https:\/\/repandcreate-mueller.ch\/index.php?rest_route=\/wp\/v2\/pages\/262\/revisions\/363"}],"wp:attachment":[{"href":"https:\/\/repandcreate-mueller.ch\/index.php?rest_route=%2Fwp%2Fv2%2Fmedia&parent=262"}],"curies":[{"name":"wp","href":"https:\/\/api.w.org\/{rel}","templated":true}]}}